{"id":256,"date":"2026-02-07T20:27:37","date_gmt":"2026-02-07T19:27:37","guid":{"rendered":"https:\/\/holly-it.de\/?page_id=256"},"modified":"2026-02-07T20:29:52","modified_gmt":"2026-02-07T19:29:52","slug":"leistungen-spanisch","status":"publish","type":"page","link":"https:\/\/holly-it.de\/?page_id=256&lang=es","title":{"rendered":"Servicios"},"content":{"rendered":"\n<div class=\"wp-block-columns is-layout-flex wp-container-core-columns-is-layout-8f761849 wp-block-columns-is-layout-flex\">\n<div class=\"wp-block-column is-layout-flow wp-block-column-is-layout-flow\" style=\"flex-basis:33.33%\">\n<figure class=\"wp-block-image size-large\"><img loading=\"lazy\" decoding=\"async\" width=\"1024\" height=\"683\" src=\"https:\/\/holly-it.de\/wp-content\/uploads\/2021\/08\/startup-594090_1920-1024x683.jpg\" alt=\"\" class=\"wp-image-153\" srcset=\"https:\/\/holly-it.de\/wp-content\/uploads\/2021\/08\/startup-594090_1920-1024x683.jpg 1024w, https:\/\/holly-it.de\/wp-content\/uploads\/2021\/08\/startup-594090_1920-300x200.jpg 300w, https:\/\/holly-it.de\/wp-content\/uploads\/2021\/08\/startup-594090_1920-768x512.jpg 768w, https:\/\/holly-it.de\/wp-content\/uploads\/2021\/08\/startup-594090_1920-1536x1024.jpg 1536w, https:\/\/holly-it.de\/wp-content\/uploads\/2021\/08\/startup-594090_1920.jpg 1920w\" sizes=\"auto, (max-width: 706px) 89vw, (max-width: 767px) 82vw, 740px\" \/><\/figure>\n<\/div>\n\n\n\n<div class=\"wp-block-column is-layout-flow wp-block-column-is-layout-flow\" style=\"flex-basis:66.66%\">\n<p class=\"has-text-align-left wp-block-paragraph\"><strong>Asesoramiento<\/strong><\/p>\n\n\n\n<p class=\"wp-block-paragraph\">En entrevistas personales se analizar\u00e1 su caso y se definir\u00e1n las soluciones \u00f3ptimas para sus circunstancias.<\/p>\n<\/div>\n<\/div>\n\n\n\n<div style=\"height:25px\" aria-hidden=\"true\" class=\"wp-block-spacer\"><\/div>\n\n\n\n<hr class=\"wp-block-separator has-css-opacity is-style-wide\"\/>\n\n\n\n<div style=\"height:25px\" aria-hidden=\"true\" class=\"wp-block-spacer\"><\/div>\n\n\n\n<div class=\"wp-block-columns is-layout-flex wp-container-core-columns-is-layout-8f761849 wp-block-columns-is-layout-flex\">\n<div class=\"wp-block-column is-layout-flow wp-block-column-is-layout-flow\" style=\"flex-basis:66.66%\">\n<p class=\"wp-block-paragraph\"><strong>Desarrollo<\/strong><\/p>\n\n\n\n<p class=\"wp-block-paragraph\">Las soluciones \u00f3ptimas suelen requerir desarrollos individuales. Desde el dise\u00f1o de sitios web hasta el desarrollo de programas, \u00abHolly IT\u00bb le ofrece una amplia gama de soluciones individuales.<\/p>\n<\/div>\n\n\n\n<div class=\"wp-block-column is-layout-flow wp-block-column-is-layout-flow\" style=\"flex-basis:33.33%\">\n<figure class=\"wp-block-image size-large\"><img loading=\"lazy\" decoding=\"async\" width=\"1024\" height=\"683\" src=\"https:\/\/holly-it.de\/wp-content\/uploads\/2021\/08\/laptop-2620118_1920-1024x683.jpg\" alt=\"\" class=\"wp-image-154\" srcset=\"https:\/\/holly-it.de\/wp-content\/uploads\/2021\/08\/laptop-2620118_1920-1024x683.jpg 1024w, https:\/\/holly-it.de\/wp-content\/uploads\/2021\/08\/laptop-2620118_1920-300x200.jpg 300w, https:\/\/holly-it.de\/wp-content\/uploads\/2021\/08\/laptop-2620118_1920-768x512.jpg 768w, https:\/\/holly-it.de\/wp-content\/uploads\/2021\/08\/laptop-2620118_1920-1536x1024.jpg 1536w, https:\/\/holly-it.de\/wp-content\/uploads\/2021\/08\/laptop-2620118_1920.jpg 1920w\" sizes=\"auto, (max-width: 706px) 89vw, (max-width: 767px) 82vw, 740px\" \/><\/figure>\n<\/div>\n<\/div>\n\n\n\n<div style=\"height:25px\" aria-hidden=\"true\" class=\"wp-block-spacer\"><\/div>\n\n\n\n<hr class=\"wp-block-separator has-css-opacity is-style-wide\"\/>\n\n\n\n<div style=\"height:25px\" aria-hidden=\"true\" class=\"wp-block-spacer\"><\/div>\n\n\n\n<div class=\"wp-block-columns is-layout-flex wp-container-core-columns-is-layout-8f761849 wp-block-columns-is-layout-flex\">\n<div class=\"wp-block-column is-layout-flow wp-block-column-is-layout-flow\" style=\"flex-basis:33.33%\">\n<figure class=\"wp-block-image size-large\"><img loading=\"lazy\" decoding=\"async\" width=\"1024\" height=\"683\" src=\"https:\/\/holly-it.de\/wp-content\/uploads\/2021\/08\/businessman-2108029_1920-1024x683.jpg\" alt=\"\" class=\"wp-image-160\" srcset=\"https:\/\/holly-it.de\/wp-content\/uploads\/2021\/08\/businessman-2108029_1920-1024x683.jpg 1024w, https:\/\/holly-it.de\/wp-content\/uploads\/2021\/08\/businessman-2108029_1920-300x200.jpg 300w, https:\/\/holly-it.de\/wp-content\/uploads\/2021\/08\/businessman-2108029_1920-768x512.jpg 768w, https:\/\/holly-it.de\/wp-content\/uploads\/2021\/08\/businessman-2108029_1920-1536x1024.jpg 1536w, https:\/\/holly-it.de\/wp-content\/uploads\/2021\/08\/businessman-2108029_1920.jpg 1920w\" sizes=\"auto, (max-width: 706px) 89vw, (max-width: 767px) 82vw, 740px\" \/><\/figure>\n<\/div>\n\n\n\n<div class=\"wp-block-column is-layout-flow wp-block-column-is-layout-flow\" style=\"flex-basis:66.66%\">\n<p class=\"wp-block-paragraph\"><strong>Suministro<\/strong><\/p>\n\n\n\n<p class=\"wp-block-paragraph\">Estaremos encantados de instalar el hardware y el software en sus instalaciones y ponerlos en funcionamiento conjuntamente con usted. Para ello, suele ser recomendable realizar una formaci\u00f3n introductoria sobre la nueva soluci\u00f3n, el nuevo dispositivo y\/o el nuevo software.<\/p>\n<\/div>\n<\/div>\n\n\n\n<div style=\"height:25px\" aria-hidden=\"true\" class=\"wp-block-spacer\"><\/div>\n\n\n\n<hr class=\"wp-block-separator has-css-opacity is-style-wide\"\/>\n\n\n\n<div style=\"height:25px\" aria-hidden=\"true\" class=\"wp-block-spacer\"><\/div>\n\n\n\n<div class=\"wp-block-columns is-layout-flex wp-container-core-columns-is-layout-8f761849 wp-block-columns-is-layout-flex\">\n<div class=\"wp-block-column is-layout-flow wp-block-column-is-layout-flow\" style=\"flex-basis:66.66%\">\n<p class=\"wp-block-paragraph\"><strong>Asistencia<\/strong><\/p>\n\n\n\n<p class=\"wp-block-paragraph\">Incluso los mejores sistemas y productos pueden presentar problemas y dudas. Por eso, \u00abHolly IT\u00bb le ofrece una asistencia superior a la media. Y ello independientemente del lugar y la hora.<\/p>\n<\/div>\n\n\n\n<div class=\"wp-block-column is-layout-flow wp-block-column-is-layout-flow\" style=\"flex-basis:33.33%\">\n<figure class=\"wp-block-image size-large\"><img loading=\"lazy\" decoding=\"async\" width=\"1024\" height=\"683\" src=\"https:\/\/holly-it.de\/wp-content\/uploads\/2021\/08\/technology-4256272_1920-1024x683.jpg\" alt=\"\" class=\"wp-image-161\" srcset=\"https:\/\/holly-it.de\/wp-content\/uploads\/2021\/08\/technology-4256272_1920-1024x683.jpg 1024w, https:\/\/holly-it.de\/wp-content\/uploads\/2021\/08\/technology-4256272_1920-300x200.jpg 300w, https:\/\/holly-it.de\/wp-content\/uploads\/2021\/08\/technology-4256272_1920-768x512.jpg 768w, https:\/\/holly-it.de\/wp-content\/uploads\/2021\/08\/technology-4256272_1920-1536x1025.jpg 1536w, https:\/\/holly-it.de\/wp-content\/uploads\/2021\/08\/technology-4256272_1920.jpg 1920w\" sizes=\"auto, (max-width: 706px) 89vw, (max-width: 767px) 82vw, 740px\" \/><\/figure>\n<\/div>\n<\/div>\n\n\n\n<div style=\"height:25px\" aria-hidden=\"true\" class=\"wp-block-spacer\"><\/div>\n\n\n\n<hr class=\"wp-block-separator has-css-opacity is-style-wide\"\/>\n\n\n\n<div style=\"height:25px\" aria-hidden=\"true\" class=\"wp-block-spacer\"><\/div>\n\n\n\n<div class=\"wp-block-columns is-layout-flex wp-container-core-columns-is-layout-8f761849 wp-block-columns-is-layout-flex\">\n<div class=\"wp-block-column is-layout-flow wp-block-column-is-layout-flow\" style=\"flex-basis:33.33%\">\n<figure class=\"wp-block-image size-large\"><img loading=\"lazy\" decoding=\"async\" width=\"1024\" height=\"539\" src=\"https:\/\/holly-it.de\/wp-content\/uploads\/2021\/08\/puzzle-1713170_1920-1024x539.jpg\" alt=\"\" class=\"wp-image-166\" srcset=\"https:\/\/holly-it.de\/wp-content\/uploads\/2021\/08\/puzzle-1713170_1920-1024x539.jpg 1024w, https:\/\/holly-it.de\/wp-content\/uploads\/2021\/08\/puzzle-1713170_1920-300x158.jpg 300w, https:\/\/holly-it.de\/wp-content\/uploads\/2021\/08\/puzzle-1713170_1920-768x404.jpg 768w, https:\/\/holly-it.de\/wp-content\/uploads\/2021\/08\/puzzle-1713170_1920-1536x809.jpg 1536w, https:\/\/holly-it.de\/wp-content\/uploads\/2021\/08\/puzzle-1713170_1920.jpg 1920w\" sizes=\"auto, (max-width: 706px) 89vw, (max-width: 767px) 82vw, 740px\" \/><\/figure>\n<\/div>\n\n\n\n<div class=\"wp-block-column is-layout-flow wp-block-column-is-layout-flow\" style=\"flex-basis:66.66%\">\n<p class=\"wp-block-paragraph\"><strong>Individualidad<\/strong><\/p>\n\n\n\n<p class=\"wp-block-paragraph\">Todos los servicios pueden contratarse de forma combinada o individual. \u00a1Basta con enviarnos una simple solicitud!<\/p>\n<\/div>\n<\/div>\n","protected":false},"excerpt":{"rendered":"<p>Asesoramiento En entrevistas personales se analizar\u00e1 su caso y se definir\u00e1n las soluciones \u00f3ptimas para sus circunstancias. Desarrollo Las soluciones \u00f3ptimas suelen requerir desarrollos individuales. Desde el dise\u00f1o de sitios web hasta el desarrollo de programas, \u00abHolly IT\u00bb le ofrece una amplia gama de soluciones individuales. Suministro Estaremos encantados de instalar el hardware y el &hellip; <\/p>\n<p class=\"link-more\"><a href=\"https:\/\/holly-it.de\/?page_id=256&#038;lang=es\" class=\"more-link\"><span class=\"screen-reader-text\">\u201eServicios\u201c <\/span>weiterlesen<\/a><\/p>\n","protected":false},"author":1,"featured_media":0,"parent":0,"menu_order":0,"comment_status":"closed","ping_status":"closed","template":"","meta":{"_crdt_document":"","footnotes":""},"class_list":["post-256","page","type-page","status-publish","hentry"],"_links":{"self":[{"href":"https:\/\/holly-it.de\/index.php?rest_route=\/wp\/v2\/pages\/256","targetHints":{"allow":["GET"]}}],"collection":[{"href":"https:\/\/holly-it.de\/index.php?rest_route=\/wp\/v2\/pages"}],"about":[{"href":"https:\/\/holly-it.de\/index.php?rest_route=\/wp\/v2\/types\/page"}],"author":[{"embeddable":true,"href":"https:\/\/holly-it.de\/index.php?rest_route=\/wp\/v2\/users\/1"}],"replies":[{"embeddable":true,"href":"https:\/\/holly-it.de\/index.php?rest_route=%2Fwp%2Fv2%2Fcomments&post=256"}],"version-history":[{"count":2,"href":"https:\/\/holly-it.de\/index.php?rest_route=\/wp\/v2\/pages\/256\/revisions"}],"predecessor-version":[{"id":259,"href":"https:\/\/holly-it.de\/index.php?rest_route=\/wp\/v2\/pages\/256\/revisions\/259"}],"wp:attachment":[{"href":"https:\/\/holly-it.de\/index.php?rest_route=%2Fwp%2Fv2%2Fmedia&parent=256"}],"curies":[{"name":"wp","href":"https:\/\/api.w.org\/{rel}","templated":true}]}}